o base 3.
2202
8 (base 16) to base 14
8
0 (base 9) to base 3
0
0 (base 8) to base 5
0
What is -2 (base 11) in base 16?
-2
What is 3 (base 12) in base 8?
3
What is 4 (base 14) in base 3?
11
What is 5 (base 12) in base 15?
5
Convert 0 (base 2) to base 8.
0
What is 2 (base 6) in base 2?
10
Convert -1 (base 9) to base 11.
-1
What is 0 (base 4) in base 3?
0
111010 (base 2) to base 15
3d
10 (base 4) to base 2
100
-310 (base 4) to base 6
-124
What is 286 (base 11) in base 12?
240
-117 (base 8) to base 10
-79
What is 16 (base 7) in base 10?
13
1 (base 16) to base 3
1
Convert 2 (base 13) to base 12.
2
What is 98 (base 12) in base 2?
1110100
-3 (base 4) to base 8
-3
11 (base 2) to base 8
3
Convert -13 (base 5) to base 4.
-20
Convert 3 (base 15) to base 5.
3
Convert 3 (base 10) to base 4.
3
What is -5 (base 13) in base 2?
-101
Convert 10002 (base 3) to base 4.
1103
What is -2 (base 13) in base 2?
-10
53 (base 6) to base 7
45
Convert -8 (base 15) to base 13.
-8
5 (base 9) to base 15
5
Convert 15 (base 9) to base 3.
112
What is -1 (base 4) in base 15?
-1
What is 1cd (base 15) in base 11?
350
What is -16 (base 14) in base 10?
-20
What is -9 (base 14) in base 7?
-12
100 (base 2) to base 16
4
Convert ce (base 16) to base 8.
316
1000011 (base 2) to base 10
67
4 (base 15) to base 12
4
What is 1 (base 12) in base 14?
1
-6 (base 16) to base 4
-12
Convert a (base 15) to base 10.
10
Convert 22 (base 7) to base 16.
10
Convert -10200 (base 3) to base 16.
-63
-1 (base 12) to base 7
-1
-1 (base 4) to base 15
-1
22 (base 10) to base 12
1a
Convert 55 (base 14) to base 6.
203
-17 (base 10) to base 14
-13
What is b (base 14) in base 16?
b
-15 (base 7) to base 2
-1100
What is -3 (base 16) in base 8?
-3
Convert -1201 (base 3) to base 4.
-232
-35 (base 14) to base 3
-1202
9 (base 14) to base 16
9
Convert -3 (base 11) to base 3.
-10
-37 (base 12) to base 4
-223
What is 1053 (base 7) in base 11?
317
Convert 10 (base 8) to base 10.
8
What is 1000 (base 2) in base 14?
8
-5 (base 13) to base 15
-5
What is 2002 (base 3) in base 14?
40
Convert -97 (base 12) to base 16.
-73
-9 (base 15) to base 3
-100
Convert 4a (base 13) to base 3.
2022
0 (base 15) to base 6
0
What is 113 (base 5) in base 6?
53
What is -6 (base 10) in base 14?
-6
What is -1233 (base 5) in base 6?
-521
-14 (base 13) to base 12
-15
-11011 (base 2) to base 11
-25
Convert -4 (base 15) to base 7.
-4
What is -10 (base 4) in base 8?
-4
Convert 230 (base 6) to base 13.
6c
What is -22 (base 4) in base 9?
-11
1 (base 9) to base 4
1
-13 (base 13) to base 7
-22
-3 (base 13) to base 8
-3
-1100 (base 3) to base 8
-44
What is 2 (base 4) in base 3?
2
Convert 19 (base 16) to base 11.
23
What is 0 (base 9) in base 11?
0
132 (base 7) to base 2
1001000
What is b (base 13) in base 11?
10
What is 13 (base 6) in base 16?
9
4 (base 8) to base 6
4
Convert -21110 (base 3) to base 7.
-405
What is 0 (base 14) in base 3?
0
31 (base 6) to base 12
17
Convert 6c (base 15) to base 9.
123
12 (base 13) to base 9
16
9 (base 11) to base 10
9
Convert -41 (base 5) to base 10.
-21
Convert c (base 15) to base 10.
12
Convert -3 (base 6) to base 10.
-3
42 (base 12) to base 2
110010
-110000 (base 3) to base 16
-144
1 (base 7) to base 5
1
What is -40 (base 14) in base 10?
-56
0 (base 15) to base 9
0
What is 202 (base 3) in base 11?
19
158 (base 9) to base 2
10000110
Convert -43 (base 5) to base 16.
-17
What is 48 (base 10) in base 6?
120
What is -220 (base 8) in base 6?
-400
What is -26 (base 8) in base 9?
-24
44 (base 7) to base 3
1012
Convert 2 (base 10) to base 15.
2
-31 (base 5) to base 6
-24
3130 (base 4) to base 12
164
Convert c (base 13) to base 7.
15
-2 (base 11) to base 13
-2
-2 (base 7) to base 11
-2
Convert 7 (base 13) to base 12.
7
2 (base 6) to base 12
2
What is 8 (base 14) in base 15?
8
-3 (base 10) to base 5
-3
-6c (base 13) to base 14
-66
-12 (base 6) to base 9
-8
What is -10 (base 3) in base 12?
-3
What is c (base 13) in base 2?
1100
3 (base 16) to base 8
3
Convert -64 (base 12) to base 14.
-56
Convert 2 (base 15) to base 6.
2
Convert 13 (base 7) to base 6.
14
What is -2 (base 9) in base 11?
-2
Convert 10000001 (base 2) to base 12.
a9
What is 30 (base 13) in base 11?
36
What is 1 (base 3) in base 12?
1
What is 7 (base 14) in base 11?
7
10 (base 3) to base 11
3
c (base 16) to base 12
10
3 (base 15) to base 7
3
Convert -110 (base 5) to base 12.
-26
Convert 101100 (base 2) to base 11.
40
-10110110 (base 2) to base 6
-502
Convert -10 (base 3) to base 15.
-3
What is -6 (base 9) in base 10?
-6
Convert 1 (base 14) to base 3.
1
210 (base 4) to base 11
33
Convert -14 (base 9) to base 16.
-d
-23 (base 6) to base 15
-10
-101 (base 3) to base 10
-10
What is -54 (base 13) in base 5?
-234
What is -1000 (base 2) in base 10?
-8
Convert 4 (base 15) to base 8.
4
2222 (base 3) to base 7
143
2 (base 13) to base 4
2
What is 11 (base 2) in base 13?
3
What is 11 (base 9) in base 14?
a
-1 (base 10) to base 12
-1
-14 (base 6) to base 11
-a
Convert 41 (base 5) to base 4.
111
Convert 173 (base 9) to base 6.
403
1 (base 6) to base 10
1
-22110 (base 3) to base 16
-e4
What is -c (base 13) in base 11?
-11
What is -102 (base 5) in base 6?
-43
26 (base 7) to base 4
110
Convert 43 (base 14) to base 7.
113
What is -4 (base 7) in base 8?
-4
What is -1 (base 13) in base 16?
-1
-4 (base 9) to base 16
-4
-1002 (base 4) to base 16
-42
What is -6f (base 16) in base 4?
-1233
Convert -13 (base 11) to base 16.
-e
-2 (base 3) to base 15
-2
3 (base 8) to base 9
3
Convert -52 (base 6) to base 7.
-44
11 (base 6) to base 9
7
What is -23 (base 7) in base 13?
-14
What is -110 (base 2) in base 7?
-6
23 (base 6) to base 5
30
Convert 4 (base 6) to base 14.
4
Convert -115 (base 7) to base 4.
-331
What is 2 (base 14) in base 15?
2
Convert 11211 (base 3) to base 13.
a0
-89 (base 16) to base 14
-9b
What is -2 (base 7) in base 9?
-2
What is 3 (base 12) in base 2?
11
What is -116 (base 7) in base 5?
-222
What is -6 (base 7) in base 9?
-6
2a2 (base 11) to base 12
256
3 (base 5) to base 2
11
Convert 2 (base 12) to base 6.
2
Convert 1000110 (base 2) to base 9.
77
What is 202 (base 5) in base 9?
57
-6 (base 15) to base 9
-6
What is 135 (base 7) in base 6?
203
Convert 21 (base 10) to base 13.
18
Convert 222 (base 4) to base 13.
33
Convert 3 (base 5) to base 13.
3
What is 30 (base 4) in base 10?
12
50 (base 8) to base 3
1111
-25 (base 12) to base 7
-41
Convert 14 (base 12) to base 7.
22
What is a6 (base 15) in base 13?
c0
7 (base 13) to base 7
10
What is 244 (base 8) in base 10?
164
11 (base 12) to base 4
31
What is -58 (base 14) in base 9?
-86
What is -4 (base 11) in base 13?
-4
-16 (base 14) to base 5
-40
-50 (base 10) to base 16
-32
3c (base 15) to base 14
41
-2221 (base 3) to base 12
-67
c7 (base 16) to base 11
171
What is -4 (base 11) in base 16?
-4
What is 44 (base 6) in base 14?
20
17 (base 13) to base 15
15
13 (base 8) to base 15
b
Convert 3 (base 15) to base 9.
3
28 (base 9) to base 12
22
Convert 18 (base 16) to base 10.
24
253 (base 6) to base 11
96
Convert 59 (base 14) to base 2.
1001111
What is 44 (base 16) in base 2?
1000100
Convert -76 (base 13) to base 11.
-89
Convert -59 (base 11) to base 10.
-64
-201 (base 3) to base 12
-17
Convert -302 (base 6) to base 2.
-1101110
3 (base 10) to base 12
3
-183 (base 10) to base 13
-111
Convert -31 (base 9) to base 10.
-28
-2 (base 16) to base 7
-2
What is -13 (base 7) in base 13?
-a
Convert -101 (base 4) to base 14.
-13
Convert 13 (base 4) to base 8.
7
1 (base 5) to base 14
1
177 (base 8) to base 10
127
What is -82 (base 9) in base 16?
-4a
What is -101 (base 3) in base 16?
-a
10 (base 3) to base 11
3
What is 54 (base 14) in base 7?
134
-12 (base 4) to base 11
-6
271 (base 9) to base 3
22101
-334 (base 6) to base 7
-244
Convert 232 (base 12) to base 15.
16b
Convert 22 (base 7) to base 12.
14
-7 (base 9) to base 7
-10
What is 29 (base 11) in base 7?
43
Convert 26 (base 8) to base 2.
10110
What is -3e (base 16) in base 14?
-46
What is 45 (base 9) in base 11?
38
-3a (base 13) to base 9
-54
What is 3 (base 11) in base 6?
3
95 (base 11) to base 13
80
What is -20 (base 5) in base 3?
-101
Convert a (base 12) to base 13.
a
Convert 3332 (base 4) to base 15.
11e
10101 (base 2) to base 3
210
Convert 10 (base 9) to base 11.
9
What is 4 (base 11) in base 10?
4
Conve